{"id":11,"date":"2021-02-19T10:41:51","date_gmt":"2021-02-19T08:41:51","guid":{"rendered":"http:\/\/mediataito.fi\/teeitse\/torsti\/?page_id=11"},"modified":"2021-02-19T22:03:49","modified_gmt":"2021-02-19T20:03:49","slug":"etusivu","status":"publish","type":"page","link":"http:\/\/www.tkj-automaatio.com\/","title":{"rendered":"Etusivu"},"content":{"rendered":"<p><img loading=\"lazy\" decoding=\"async\" class=\"alignnone size-full wp-image-381\" src=\"http:\/\/www.tkj-automaatio.com\/wp-content\/uploads\/2021\/02\/etusivu_kuva_2021.jpg\" alt=\"\" width=\"606\" height=\"607\" \/><\/p>\n<p><em>Automaatio on t\u00e4ynn\u00e4 haasteita!<\/em><\/p>\n<p><em>\u00c4l\u00e4 pureskele kaikkea <\/em><em>yksin vaan ota yhteytt\u00e4 niin jaetaan haasteet!<\/em><\/p>\n","protected":false},"excerpt":{"rendered":"<p>Automaatio on t\u00e4ynn\u00e4 haasteita! \u00c4l\u00e4 pureskele kaikkea yksin vaan ota yhteytt\u00e4 niin jaetaan haasteet!<\/p>\n","protected":false},"author":2,"featured_media":0,"parent":0,"menu_order":1,"comment_status":"closed","ping_status":"closed","template":"","meta":{"footnotes":""},"_links":{"self":[{"href":"http:\/\/www.tkj-automaatio.com\/index.php?rest_route=\/wp\/v2\/pages\/11"}],"collection":[{"href":"http:\/\/www.tkj-automaatio.com\/index.php?rest_route=\/wp\/v2\/pages"}],"about":[{"href":"http:\/\/www.tkj-automaatio.com\/index.php?rest_route=\/wp\/v2\/types\/page"}],"author":[{"embeddable":true,"href":"http:\/\/www.tkj-automaatio.com\/index.php?rest_route=\/wp\/v2\/users\/2"}],"replies":[{"embeddable":true,"href":"http:\/\/www.tkj-automaatio.com\/index.php?rest_route=%2Fwp%2Fv2%2Fcomments&post=11"}],"version-history":[{"count":14,"href":"http:\/\/www.tkj-automaatio.com\/index.php?rest_route=\/wp\/v2\/pages\/11\/revisions"}],"predecessor-version":[{"id":399,"href":"http:\/\/www.tkj-automaatio.com\/index.php?rest_route=\/wp\/v2\/pages\/11\/revisions\/399"}],"wp:attachment":[{"href":"http:\/\/www.tkj-automaatio.com\/index.php?rest_route=%2Fwp%2Fv2%2Fmedia&parent=11"}],"curies":[{"name":"wp","href":"https:\/\/api.w.org\/{rel}","templated":true}]}}