{"id":96,"date":"2011-11-08T23:11:43","date_gmt":"2011-11-08T21:11:43","guid":{"rendered":"http:\/\/mediataito.fi\/teeitse\/torsti\/?page_id=96"},"modified":"2011-11-23T00:06:04","modified_gmt":"2011-11-22T22:06:04","slug":"konsultointi","status":"publish","type":"page","link":"http:\/\/www.tkj-automaatio.com\/?page_id=96","title":{"rendered":"Konsultointi"},"content":{"rendered":"<h2>Konsultointipalvelut<\/h2>\n<ul id=\"list\">\n<li>Selvityst\u00e4 ja erikoisosaamista vaativat automaatioj\u00e4rjestelmien palvelut<\/li>\n<li>Erilaisten laiteymp\u00e4rist\u00f6jen yhteensovittaminen ja testaus<\/li>\n<\/ul>\n<p><span style=\"font-size: small;\"><span class=\"Apple-style-span\" style=\"line-height: 24px;\"><br \/>\n<\/span><\/span><\/p>\n<div>\n<p>&nbsp;<\/p>\n<figure id=\"attachment_315\" aria-describedby=\"caption-attachment-315\" style=\"width: 450px\" class=\"wp-caption alignnone\"><a href=\"http:\/\/www.tkj-automaatio.com\/?attachment_id=315\" rel=\"attachment wp-att-315\"><img loading=\"lazy\" decoding=\"async\" class=\"size-large wp-image-315\" title=\"Finishing off a jigsaw puzzle\" src=\"http:\/\/www.tkj-automaatio.com\/wp-content\/uploads\/2011\/11\/palapeli7-450x299.jpg\" alt=\"\" width=\"450\" height=\"299\" srcset=\"http:\/\/www.tkj-automaatio.com\/wp-content\/uploads\/2011\/11\/palapeli7-450x299.jpg 450w, http:\/\/www.tkj-automaatio.com\/wp-content\/uploads\/2011\/11\/palapeli7-300x199.jpg 300w, http:\/\/www.tkj-automaatio.com\/wp-content\/uploads\/2011\/11\/palapeli7.jpg 960w\" sizes=\"(max-width: 450px) 100vw, 450px\" \/><\/a><figcaption id=\"caption-attachment-315\" class=\"wp-caption-text\">Copyright iStock Photo<\/figcaption><\/figure>\n<p><span style=\"font-size: small;\"><span class=\"Apple-style-span\" style=\"line-height: 24px;\"><br \/>\n<\/span><\/span><\/p>\n<\/div>\n","protected":false},"excerpt":{"rendered":"<p>Konsultointipalvelut Selvityst\u00e4 ja erikoisosaamista vaativat automaatioj\u00e4rjestelmien palvelut Erilaisten laiteymp\u00e4rist\u00f6jen yhteensovittaminen ja testaus &nbsp;<\/p>\n","protected":false},"author":2,"featured_media":0,"parent":57,"menu_order":0,"comment_status":"closed","ping_status":"closed","template":"","meta":{"footnotes":""},"_links":{"self":[{"href":"http:\/\/www.tkj-automaatio.com\/index.php?rest_route=\/wp\/v2\/pages\/96"}],"collection":[{"href":"http:\/\/www.tkj-automaatio.com\/index.php?rest_route=\/wp\/v2\/pages"}],"about":[{"href":"http:\/\/www.tkj-automaatio.com\/index.php?rest_route=\/wp\/v2\/types\/page"}],"author":[{"embeddable":true,"href":"http:\/\/www.tkj-automaatio.com\/index.php?rest_route=\/wp\/v2\/users\/2"}],"replies":[{"embeddable":true,"href":"http:\/\/www.tkj-automaatio.com\/index.php?rest_route=%2Fwp%2Fv2%2Fcomments&post=96"}],"version-history":[{"count":2,"href":"http:\/\/www.tkj-automaatio.com\/index.php?rest_route=\/wp\/v2\/pages\/96\/revisions"}],"predecessor-version":[{"id":317,"href":"http:\/\/www.tkj-automaatio.com\/index.php?rest_route=\/wp\/v2\/pages\/96\/revisions\/317"}],"up":[{"embeddable":true,"href":"http:\/\/www.tkj-automaatio.com\/index.php?rest_route=\/wp\/v2\/pages\/57"}],"wp:attachment":[{"href":"http:\/\/www.tkj-automaatio.com\/index.php?rest_route=%2Fwp%2Fv2%2Fmedia&parent=96"}],"curies":[{"name":"wp","href":"https:\/\/api.w.org\/{rel}","templated":true}]}}